 5 = -5*w. Let b = w + 0. What is c(b)?
-2
Let l(a) be the third derivative of -a**4/24 + a**3 + 10*a**2. Give l(7).
-1
Let q = 39/188 - -2/47. Let s(k) be the first derivative of 2*k**2 - 2 + k - q*k**4 - 1/3*k**3. Calculate s(-3).
7
Suppose 4*o = -o - 25, 2*w = 2*o + 26. Let s(h) = -h**2 + 8*h - 6. Calculate s(w).
-6
Let a(x) = 3*x - 4. Let t(p) = 7*p - 8. Let h(i) = 5*a(i) - 2*t(i). Suppose d + 2*z = 11, 0 = -z - 0*z + 4. Suppose 10 = -b + d*b. Determine h(b).
1
Let w(j) = j + 13. Let c be w(0). Let f(k) = -2*k**2 - 6 - c*k + k**2 + 7*k. Give f(-6).
-6
Let m(j) = -2*j**2 + 4*j. Let u = 66 + -62. Calculate m(u).
-16
Let d(y) be the second derivative of y**3/6 - 13*y**2/2 + 5*y. Give d(7).
-6
Let n(q) = 1. Let p(s) = -s**2 + 11. Let f(d) = -22*n(d) + 2*p(d). Give f(1).
-2
Let u(b) = 2*b**2 + 7*b + 5. Suppose 0*w + 2 = -2*w. Let l(k) = -k**2 - k. Let c(m) = w*u(m) - 3*l(m). Determine c(5).
0
Let z(x) = -x**3 - 8*x**2 + 7. Let t(s) = 3*s**3 + 17*s**2 - s - 13. Let j(h) = -2*t(h) - 5*z(h). Give j(6).
3
Let g(i) = -i**3 + i**2 - i - 6. Suppose -5*h = -7*h. Give g(h).
-6
Let c(y) = y**2 + 5*y - 1. Suppose -1 = -2*j - 13. Let o be j/15 - (-23)/(-5). Calculate c(o).
-1
Suppose 3*o - 2*o + 5*b + 20 = 0, -5*o + b = -30. Let c(s) = 2 + s - 3 - 2*s. Let n(p) = p**2 - 5*p - 7. Let d(h) = -2*c(h) + n(h). Determine d(o).
5
Let o be 16/(-16)*0/((-2)/2). Let g(v) = -v**2 + v - 4. Determine g(o).
-4
Let y(i) = -i + 1. Let q be (-30)/20 + (-1)/(-2). Let d(x) = 2. Let o(f) = q*d(f) + 2*y(f). Calculate o(-2).
4
Suppose 0*x - 5*x + 10 = 5*s, 5*s = 3*x + 10. Let m(q) = -2*q**3 + 2*q - q - q**3 + s*q**3 + 2. What is m(2)?
-4
Let d(l) = 2*l**3 + 4*l**2 + 3*l + 1. Let s be ((-4)/5)/(3/(-15)). Suppose 2*n + 6 = s. Let x = -3 - n. Determine d(x).
-5
Let i(r) = 3 + 0*r + 9 + 2*r - 11. What is i(1)?
3
Let m = -1 - 0. Let z(r) = r**2 + r + 1. Let j(y) = 2*y**2 + 6*y + 5. Let x(d) = m*j(d) + 6*z(d). Suppose -4*b + 2 = -2*b. Give x(b).
5
Let r(a) = 7 - a**2 - 3 + 8*a**3 - 5 - 2*a. Let k = -4 - -3. Give r(k).
-8
Suppose -5 = 5*h - 0*h. Let f(a) be the first derivative of -a**4/4 - a**3/3 + a**2 + a - 4. Calculate f(h).
-1
Let c = 0 - -4. Suppose 2*y + 2*f = -8, -5*y - 9 + 25 = -c*f. Let z(r) = -2*r + 4 + r + 2*r. Calculate z(y).
4
Let l(h) be the second derivative of h**3/6 + h**2/2 - 5*h. Determine l(-6).
-5
Let s(h) = -h + 3. Let d be (4/6)/(12/(-126)). Give s(d).
10
Let t(r) = -r**3 - 8*r**2 + 2*r - 2. Let c be t(-8). Let w = c - -13. Let i = 9 + w. Let x(n) = 3*n - 4. Give x(i).
8
Let l be ((-1)/3)/(4/(-24)). Let v be 3*(20/6 + -2). Let s(g) = -g + 4*g - 2 - v*g**l + 6*g**2. Calculate s(-3).
7
Let n(v) = -3*v**3 - 3*v**2 + 7*v - 3. Let y(f) = -5*f**3 - 4*f**2 + 11*f - 4. Let p(t) = 8*n(t) - 5*y(t). Determine p(4).
0
Let a(v) = -v**2 - 4*v + 4. Let n be a(-4). Let r(k) = -n - 2*k**3 + 3*k**3 + 3*k**2 + k**2 + 0*k**3. Give r(-4).
-4
Let s be ((-24)/(-4))/(0 - -2). Suppose -7*f + 8 = -s*f. Let o(a) = 1 + a - 1 + 10*a**f + 1 + a. Calculate o(-1).
9
Let f(g) = g - 1. Suppose -5*x - 6 = 2*o, -4*x + 2*o + 1 = 13. Let l(v) = -2*v - 3. Let w be l(x). What is f(w)?
0
Let m be 54/(-81)*18/(-4). Let d(u) = -u - 4. Determine d(m).
-7
Let h = -19 + 21. Let x(y) = -y**2 - 2*y + 1. Give x(h).
-7
Let b(g) = 16*g**2 - g + 5. Let z(o) = -1. Let x(r) = -b(r) - 5*z(r). Determine x(1).
-15
Let s(p) = 12 - 3*p + 4*p + p**2 - 9. What is s(0)?
3
Let t(g) be the first derivative of -g**4/4 - 2*g**3/3 + 2*g**2 - 5*g - 6. Calculate t(-4).
11
Let r(g) = -2*g**2 - 2*g + 1. Suppose 7 = -2*t - h, t + 2 = 3*t - 2*h. Calculate r(t).
-3
Let f be (-108)/84 - (-2)/7. Let y(q) = 2*q**3 - q**2 + q + 1. Give y(f).
-3
Let j(d) = d**3 + 4*d**2 - d - 7. Let o(h) = h**3 - h**2 - h - 1. Let y(v) = j(v) - 2*o(v). Suppose -12 = -4*c + 16. Suppose -6*b + c*b - 6 = 0. Calculate y(b).
1
Let d(o) = o + 6. Let q = 16 - 13. Suppose -20 = q*f - 5. Give d(f).
1
Let r(z) = 19*z + 9. Let w(b) = 9*b + 4. Let h(y) = 2*r(y) - 5*w(y). Give h(-3).
19
Let u(f) = f**2 - 11*f + 25. Let r be u(4). Let w(x) = 2*x**2 + 4*x - 1. What is w(r)?
5
Let i(s) be the third derivative of s**5/60 + s**4/6 - s**2. Let a(u) = u**3 - 2*u**2 + u - 19. Let j be a(0). Let t = j - -17. Determine i(t).
-4
Suppose -4*k - 3 - 13 = 0. Let m(r) be the second derivative of r + 1/2*r**2 + 0 + 1/6*r**3. Give m(k).
-3
Let z(y) = 6*y**2 - 5*y + 13. Let q(f) = 2*f**2 - 2*f + 4. Let v(r) = 11*q(r) - 4*z(r). Let o(c) be the first derivative of v(c). Determine o(2).
-10
Let c(j) = -j - 3. Let b be (-11 - -13)*(1 + 1). Suppose b*y = y. Determine c(y).
-3
Let i be -2*-2*(-1)/(-4). Let d(x) = 1 - 3*x**2 - 4*x + 4*x**2 + 4*x. Let j(g) = 2*g**2 + 2*g - 3. Let y(o) = -2*d(o) - j(o). Determine y(i).
-5
Let a(n) = 3*n**2 - 5*n + 4. Let v(d) = 7*d**2 - 10*d + 8. Let g(m) = -9*a(m) + 4*v(m). Calculate g(-6).
2
Let s(c) be the third derivative of c**6/20 - c**5/60 + c**4/12 - c**3/6 - 3*c**2. Suppose 0 - 2 = -2*k. What is s(k)?
6
Let i(m) = 2 - 1 + 0*m - 10*m. Let f = -3 - -4. Determine i(f).
-9
Let y(r) = r**2 - 2*r + 7. Let n(j) = 5*j**2 - 9*j + 36. Let k(v) = 2*n(v) - 11*y(v). Determine k(5).
-10
Let j(q) = q - 1. Let v be j(1). Let d(c) = -c**3 + 6*c**2 + 2*c - 6. Let g be d(6). Let w(t) = -g*t**2 + 3*t**2 + 4*t**2 + 4. What is w(v)?
4
Let t(r) be the second derivative of 0 + 6*r - r**4 + 0*r**3 + 1/2*r**2. Let d = 0 + 1. Give t(d).
-11
Let a(y) be the third derivative of y**6/120 + 7*y**5/60 + 5*y**4/24 - 7*y**3/6 + 5*y**2. What is a(-6)?
-1
Let h(o) = -9*o. Suppose 4 = 4*n - 0. What is h(n)?
-9
Suppose -3*r + 3 = 5*w, 2*r = -2*w - 0*w + 2. Let d(i) = -i**2 - i - 1. Let x(t) = -4*t**2 - 6*t - 4. Let j(h) = r*x(h) - 5*d(h). What is j(0)?
1
Let y(w) = 10 - 11 + 5*w + 2. Let x be 1/(-2)*-2 + 0. Let q = x - 2. Determine y(q).
-4
Let d(t) = t**3 - t + 5. Let b be d(0). Suppose -b = -5*r + 5. Suppose r*m - 1 = m. Let n(q) = -8*q**2 - 1. Determine n(m).
-9
Let r(g) be the second derivative of g**3/6 + 7*g**2/2 - 26*g. Determine r(-12).
-5
Let j(a) be the first derivative of a**2 - 2*a + 0 + 0*a + a - 1. Suppose -1 - 5 = 3*t. Give j(t).
-5
Let v(u) = -2*u**2 - 35*u - 1 - 33*u - 1 + 66*u. Suppose z = -0*z + 10. Suppose -z = 4*w + w. Calculate v(w).
-6
Let q(j) = 6*j - 11. Let t(y) = -4*y + 7. Suppose 0 = -n - 3*f - 23, f + 11 + 2 = -n. Let i(k) = n*t(k) - 5*q(k). What is i(-5)?
-11
Let q(v) = 2*v**2 + 3*v - 2. Let x(t) = -3*t**2 - 4*t + 2. Let d(k) = 5*q(k) + 4*x(k). Suppose -4 = 3*m - 2*o, 4*m - 16 + 28 = 4*o. Give d(m).
-12
Let n = -5 + 10. Let f(v) = -v**3 + 4*v**2 + 4*v + 3. Calculate f(n).
-2
Suppose 7 - 11 = -2*l. Let n(k) be the first derivative of k**2 - 2*k + 1. Calculate n(l).
2
Let z(r) = 2 + 3 + 5*r - 1 - r**3 + 5*r**2 - 3*r. Determine z(5).
14
Let b(m) = -5*m**2 + 2*m - 18. Let o(z) = -3*z**2 + z - 9. Let p be -3*(-2 - (-4)/6). Let n(q) = p*b(q) - 7*o(q). What is n(0)?
-9
Let v be (22 + -15)*2/7. Let f(t) = 2*t + 2. What is f(v)?
6
Let f(p) be the first derivative of -3*p**2/2 - 2*p + 5. What is f(-2)?
4
Let f(a) be the third derivative of -a**5/60 + 5*a**4/24 - 2*a**3/3 + 5*a**2. Calculate f(4).
0
Let d(g) = g**3 + 4*g**2 - 4. Let o = 77 - 53. Suppose -3*j - o = -5*m, 4*j + 32 = -0*j - m. Let u = j - -5. Calculate d(u).
5
Let c(m) be the third derivative of m**4/8 + 7*m**3/6 + 150*m**2. Let w be (2 - -3)*4/10. Let r be 2*(w + -1) + -7. Calculate c(r).
-8
Let o(m) = -m**3 + 2*m**2 + m + 4. Suppose -3 = -5*t + 4*t. Calculate o(t).
-2
Let a(i) = -i**3 + 2. Let s = 4 + -10. Let h = 6 + s. Give a(h).
2
Let u be 2 - ((-1 - 1) + 2). Let h(o) = 2 - o + 5 - u. Let y be ((-17)/(-4) - 1) + (-138)/(-184). What is h(y)?
1
Let i(n) = -4*n. Let g be -1*(-3 + 5) + 2. Suppose -3*z + 0 + 3 = g. Determine i(z).
-4
Let k(h) = 8 + h + 9*h - 4*h**2 - 4*h**2 - h**3. Let a be k(-9). Let j be a*6/(-15)*-5. Let s(w) = -w**2 + w + 1. Determine s(j).
-5
Let b(k) = 1 + 2 + 0*k - k - 1. Give b(-4).
6
Let i(j) be the second derivative of j**3/6 - j**2/2 + 49*j. What is i(-3)?
-4
Let u be 39/(-9) + 2/(-3). Let s be (4/u)/((-3)/(-15)). Let m = s - -4. Let o(l) = -l - 2. What is o(m)?
-2
Suppose -2*s = 3*s. Let j(i) = -3*i**3 + 5*i**2 + 3*i - 8. Let o(b) = b**3 - b**2 - b - 1. Let x(g) = j(g) + 4*o(g). Calculate x(s).
-12
Let f(o) be the second derivative of o**3/6 + 4*o**2 - 19*o. Determine f(-8)